{"id":1888,"date":"2016-09-12T18:49:40","date_gmt":"2016-09-12T16:49:40","guid":{"rendered":"http:\/\/www.zahnzentrumkoeln.de\/wp-content\/uploads\/2016\/09\/warum-brauche-ich-eine-zahnspange.png"},"modified":"2016-09-12T18:49:40","modified_gmt":"2016-09-12T16:49:40","slug":"warum-brauche-ich-eine-zahnspange-2-2","status":"inherit","type":"attachment","link":"https:\/\/www.zahnzentrumkoeln.de\/en\/warum-brauche-ich-eine-zahnspange-2-2\/","title":{"rendered":"warum-brauche-ich-eine-zahnspange"},"author":2,"featured_media":0,"comment_status":"open","ping_status":"closed","template":"","meta":[],"class_list":["post-1888","attachment","type-attachment","status-inherit","hentry"],"yoast_head":"<!-- This site is optimized with the Yoast SEO plugin v27.1.1 - https:\/\/yoast.com\/product\/yoast-seo-wordpress\/ -->\n<title>warum-brauche-ich-eine-zahnspange - Zahnzentrum K\u00f6ln<\/title>\n<meta name=\"robots\" content=\"index, follow, max-snippet:-1, max-image-preview:large, max-video-preview:-1\" \/>\n<link rel=\"canonical\" href=\"https:\/\/www.zahnzentrumkoeln.de\/en\/wp-content\/uploads\/2016\/09\/warum-brauche-ich-eine-zahnspange.png\" \/>\n<meta property=\"og:locale\" content=\"en_US\" \/>\n<meta property=\"og:type\" content=\"article\" \/>\n<meta property=\"og:title\" content=\"warum-brauche-ich-eine-zahnspange - Zahnzentrum K\u00f6ln\" \/>\n<meta property=\"og:description\" content=\"Wir kl\u00e4ren die Frage wozu eine Zahnklammer noch dient. Nicht wie viele denken ist die \u00c4sthetik der einzige Grund.\" \/>\n<meta property=\"og:url\" content=\"https:\/\/www.zahnzentrumkoeln.de\/wp-content\/uploads\/2016\/09\/warum-brauche-ich-eine-zahnspange.png\" \/>\n<meta property=\"og:site_name\" content=\"Zahnzentrum K\u00f6ln\" \/>\n<meta property=\"og:image\" content=\"https:\/\/www.zahnzentrumkoeln.de\/wp-content\/uploads\/2016\/09\/warum-brauche-ich-eine-zahnspange.png\" \/>\n\t<meta property=\"og:image:width\" content=\"1000\" \/>\n\t<meta property=\"og:image:height\" content=\"666\" \/>\n\t<meta property=\"og:image:type\" content=\"image\/png\" \/>\n<meta name=\"twitter:card\" content=\"summary_large_image\" \/>\n<script type=\"application\/ld+json\" class=\"yoast-schema-graph\">{\"@context\":\"https:\/\/schema.org\",\"@graph\":[{\"@type\":\"WebPage\",\"@id\":\"https:\/\/www.zahnzentrumkoeln.de\/wp-content\/uploads\/2016\/09\/warum-brauche-ich-eine-zahnspange.png\",\"url\":\"https:\/\/www.zahnzentrumkoeln.de\/wp-content\/uploads\/2016\/09\/warum-brauche-ich-eine-zahnspange.png\",\"name\":\"warum-brauche-ich-eine-zahnspange - Zahnzentrum K\u00f6ln\",\"isPartOf\":{\"@id\":\"https:\/\/www.zahnzentrumkoeln.de\/#website\"},\"datePublished\":\"2016-09-12T16:49:40+00:00\",\"breadcrumb\":{\"@id\":\"https:\/\/www.zahnzentrumkoeln.de\/wp-content\/uploads\/2016\/09\/warum-brauche-ich-eine-zahnspange.png#breadcrumb\"},\"inLanguage\":\"en-US\",\"potentialAction\":[{\"@type\":\"ReadAction\",\"target\":[\"https:\/\/www.zahnzentrumkoeln.de\/wp-content\/uploads\/2016\/09\/warum-brauche-ich-eine-zahnspange.png\"]}]},{\"@type\":\"BreadcrumbList\",\"@id\":\"https:\/\/www.zahnzentrumkoeln.de\/wp-content\/uploads\/2016\/09\/warum-brauche-ich-eine-zahnspange.png#breadcrumb\",\"itemListElement\":[{\"@type\":\"ListItem\",\"position\":1,\"name\":\"Startseite\",\"item\":\"https:\/\/www.zahnzentrumkoeln.de\/en\/\"},{\"@type\":\"ListItem\",\"position\":2,\"name\":\"warum-brauche-ich-eine-zahnspange\"}]},{\"@type\":\"WebSite\",\"@id\":\"https:\/\/www.zahnzentrumkoeln.de\/#website\",\"url\":\"https:\/\/www.zahnzentrumkoeln.de\/\",\"name\":\"Zahnzentrum K\u00f6ln\",\"description\":\"Dr. J\u00f6rg Michel, Dr. Emre Uysal &amp; Kollegen\",\"potentialAction\":[{\"@type\":\"SearchAction\",\"target\":{\"@type\":\"EntryPoint\",\"urlTemplate\":\"https:\/\/www.zahnzentrumkoeln.de\/?s={search_term_string}\"},\"query-input\":{\"@type\":\"PropertyValueSpecification\",\"valueRequired\":true,\"valueName\":\"search_term_string\"}}],\"inLanguage\":\"en-US\"}]}<\/script>\n<!-- \/ Yoast SEO plugin. -->","yoast_head_json":{"title":"warum-brauche-ich-eine-zahnspange - Zahnzentrum K\u00f6ln","robots":{"index":"index","follow":"follow","max-snippet":"max-snippet:-1","max-image-preview":"max-image-preview:large","max-video-preview":"max-video-preview:-1"},"canonical":"https:\/\/www.zahnzentrumkoeln.de\/en\/wp-content\/uploads\/2016\/09\/warum-brauche-ich-eine-zahnspange.png","og_locale":"en_US","og_type":"article","og_title":"warum-brauche-ich-eine-zahnspange - Zahnzentrum K\u00f6ln","og_description":"Wir kl\u00e4ren die Frage wozu eine Zahnklammer noch dient. Nicht wie viele denken ist die \u00c4sthetik der einzige Grund.","og_url":"https:\/\/www.zahnzentrumkoeln.de\/wp-content\/uploads\/2016\/09\/warum-brauche-ich-eine-zahnspange.png","og_site_name":"Zahnzentrum K\u00f6ln","og_image":[{"width":1000,"height":666,"url":"https:\/\/www.zahnzentrumkoeln.de\/wp-content\/uploads\/2016\/09\/warum-brauche-ich-eine-zahnspange.png","type":"image\/png"}],"twitter_card":"summary_large_image","schema":{"@context":"https:\/\/schema.org","@graph":[{"@type":"WebPage","@id":"https:\/\/www.zahnzentrumkoeln.de\/wp-content\/uploads\/2016\/09\/warum-brauche-ich-eine-zahnspange.png","url":"https:\/\/www.zahnzentrumkoeln.de\/wp-content\/uploads\/2016\/09\/warum-brauche-ich-eine-zahnspange.png","name":"warum-brauche-ich-eine-zahnspange - Zahnzentrum K\u00f6ln","isPartOf":{"@id":"https:\/\/www.zahnzentrumkoeln.de\/#website"},"datePublished":"2016-09-12T16:49:40+00:00","breadcrumb":{"@id":"https:\/\/www.zahnzentrumkoeln.de\/wp-content\/uploads\/2016\/09\/warum-brauche-ich-eine-zahnspange.png#breadcrumb"},"inLanguage":"en-US","potentialAction":[{"@type":"ReadAction","target":["https:\/\/www.zahnzentrumkoeln.de\/wp-content\/uploads\/2016\/09\/warum-brauche-ich-eine-zahnspange.png"]}]},{"@type":"BreadcrumbList","@id":"https:\/\/www.zahnzentrumkoeln.de\/wp-content\/uploads\/2016\/09\/warum-brauche-ich-eine-zahnspange.png#breadcrumb","itemListElement":[{"@type":"ListItem","position":1,"name":"Startseite","item":"https:\/\/www.zahnzentrumkoeln.de\/en\/"},{"@type":"ListItem","position":2,"name":"warum-brauche-ich-eine-zahnspange"}]},{"@type":"WebSite","@id":"https:\/\/www.zahnzentrumkoeln.de\/#website","url":"https:\/\/www.zahnzentrumkoeln.de\/","name":"Zahnzentrum K\u00f6ln","description":"Dr. J\u00f6rg Michel, Dr. Emre Uysal &amp; Kollegen","potentialAction":[{"@type":"SearchAction","target":{"@type":"EntryPoint","urlTemplate":"https:\/\/www.zahnzentrumkoeln.de\/?s={search_term_string}"},"query-input":{"@type":"PropertyValueSpecification","valueRequired":true,"valueName":"search_term_string"}}],"inLanguage":"en-US"}]}},"smush":{"stats":{"time":6.66,"bytes":0,"percent":0,"size_before":3290806,"size_after":3290806,"lossy":0,"keep_exif":0,"api_version":"1.0"},"sizes":{"blog-navi":{"time":0.01,"bytes":0,"percent":0,"size_before":9086,"size_after":9086},"clients-slider":{"time":0.01,"bytes":0,"percent":0,"size_before":9902,"size_after":9902},"50x50":{"time":0.04,"bytes":0,"percent":0,"size_before":2415,"size_after":2415},"testimonials":{"time":0.01,"bytes":0,"percent":0,"size_before":10159,"size_after":10159},"thumbnail":{"time":0.07,"bytes":0,"percent":0,"size_before":29306,"size_after":29306},"post-thumbnail":{"time":0.05,"bytes":0,"percent":0,"size_before":34688,"size_after":34688},"medium":{"time":0.12,"bytes":0,"percent":0,"size_before":65647,"size_after":65647},"blog-single":{"time":0.73,"bytes":0,"percent":0,"size_before":596547,"size_after":596547},"portfolio-mf-t":{"time":0.67,"bytes":0,"percent":0,"size_before":679854,"size_after":679854},"portfolio-mf-w":{"time":0.68,"bytes":0,"percent":0,"size_before":622717,"size_after":622717},"blog-portfolio":{"time":0.82,"bytes":0,"percent":0,"size_before":795695,"size_after":795695},"medium_large":{"time":3.45,"bytes":0,"percent":0,"size_before":434790,"size_after":434790}}},"description":{"rendered":"<p class=\"attachment\"><a href='https:\/\/www.zahnzentrumkoeln.de\/wp-content\/uploads\/2016\/09\/warum-brauche-ich-eine-zahnspange.png'><img loading=\"lazy\" decoding=\"async\" width=\"300\" height=\"200\" src=\"https:\/\/www.zahnzentrumkoeln.de\/wp-content\/uploads\/2016\/09\/warum-brauche-ich-eine-zahnspange-300x200.png\" class=\"attachment-medium size-medium\" alt=\"\" srcset=\"https:\/\/www.zahnzentrumkoeln.de\/wp-content\/uploads\/2016\/09\/warum-brauche-ich-eine-zahnspange-300x200.png 300w, https:\/\/www.zahnzentrumkoeln.de\/wp-content\/uploads\/2016\/09\/warum-brauche-ich-eine-zahnspange-768x511.png 768w, https:\/\/www.zahnzentrumkoeln.de\/wp-content\/uploads\/2016\/09\/warum-brauche-ich-eine-zahnspange-219x146.png 219w, https:\/\/www.zahnzentrumkoeln.de\/wp-content\/uploads\/2016\/09\/warum-brauche-ich-eine-zahnspange-50x33.png 50w, https:\/\/www.zahnzentrumkoeln.de\/wp-content\/uploads\/2016\/09\/warum-brauche-ich-eine-zahnspange-113x75.png 113w, https:\/\/www.zahnzentrumkoeln.de\/wp-content\/uploads\/2016\/09\/warum-brauche-ich-eine-zahnspange.png 1000w\" sizes=\"auto, (max-width:767px) 300px, 300px\" \/><\/a><\/p>\n<p>Wir kl\u00e4ren die Frage wozu eine Zahnklammer noch dient. Nicht wie  viele denken ist die \u00c4sthetik der einzige Grund. <\/p>\n"},"caption":{"rendered":"<p>Wir kl\u00e4ren die Frage wozu eine Zahnklammer noch dient. Nicht wie viele denken ist die \u00c4sthetik der einzige Grund.<\/p>\n"},"alt_text":"","media_type":"image","mime_type":"image\/png","media_details":{"width":1000,"height":666,"file":"2016\/09\/warum-brauche-ich-eine-zahnspange.png","sizes":{"thumbnail":{"file":"warum-brauche-ich-eine-zahnspange-150x150.png","width":150,"height":150,"filesize":0,"mime_type":"image\/png","source_url":"https:\/\/www.zahnzentrumkoeln.de\/wp-content\/uploads\/2016\/09\/warum-brauche-ich-eine-zahnspange-150x150.png"},"medium":{"file":"warum-brauche-ich-eine-zahnspange-300x200.png","width":300,"height":200,"filesize":0,"mime_type":"image\/png","source_url":"https:\/\/www.zahnzentrumkoeln.de\/wp-content\/uploads\/2016\/09\/warum-brauche-ich-eine-zahnspange-300x200.png"},"medium_large":{"file":"warum-brauche-ich-eine-zahnspange-768x511.png","width":768,"height":511,"filesize":0,"mime_type":"image\/png","source_url":"https:\/\/www.zahnzentrumkoeln.de\/wp-content\/uploads\/2016\/09\/warum-brauche-ich-eine-zahnspange-768x511.png"},"post-thumbnail":{"file":"warum-brauche-ich-eine-zahnspange-219x146.png","width":219,"height":146,"filesize":0,"mime_type":"image\/png","source_url":"https:\/\/www.zahnzentrumkoeln.de\/wp-content\/uploads\/2016\/09\/warum-brauche-ich-eine-zahnspange-219x146.png"},"50x50":{"file":"warum-brauche-ich-eine-zahnspange-50x33.png","width":50,"height":33,"filesize":0,"mime_type":"image\/png","source_url":"https:\/\/www.zahnzentrumkoeln.de\/wp-content\/uploads\/2016\/09\/warum-brauche-ich-eine-zahnspange-50x33.png"},"clients-slider":{"file":"warum-brauche-ich-eine-zahnspange-113x75.png","width":113,"height":75,"filesize":0,"mime_type":"image\/png","source_url":"https:\/\/www.zahnzentrumkoeln.de\/wp-content\/uploads\/2016\/09\/warum-brauche-ich-eine-zahnspange-113x75.png"},"testimonials":{"file":"warum-brauche-ich-eine-zahnspange-85x85.png","width":85,"height":85,"filesize":0,"mime_type":"image\/png","source_url":"https:\/\/www.zahnzentrumkoeln.de\/wp-content\/uploads\/2016\/09\/warum-brauche-ich-eine-zahnspange-85x85.png"},"blog-navi":{"file":"warum-brauche-ich-eine-zahnspange-80x80.png","width":80,"height":80,"filesize":0,"mime_type":"image\/png","source_url":"https:\/\/www.zahnzentrumkoeln.de\/wp-content\/uploads\/2016\/09\/warum-brauche-ich-eine-zahnspange-80x80.png"},"portfolio-mf-w":{"file":"warum-brauche-ich-eine-zahnspange-1000x500.png","width":1000,"height":500,"filesize":0,"mime_type":"image\/png","source_url":"https:\/\/www.zahnzentrumkoeln.de\/wp-content\/uploads\/2016\/09\/warum-brauche-ich-eine-zahnspange-1000x500.png"},"portfolio-mf-t":{"file":"warum-brauche-ich-eine-zahnspange-768x666.png","width":768,"height":666,"filesize":0,"mime_type":"image\/png","source_url":"https:\/\/www.zahnzentrumkoeln.de\/wp-content\/uploads\/2016\/09\/warum-brauche-ich-eine-zahnspange-768x666.png"},"blog-portfolio":{"file":"warum-brauche-ich-eine-zahnspange-960x666.png","width":960,"height":666,"filesize":0,"mime_type":"image\/png","source_url":"https:\/\/www.zahnzentrumkoeln.de\/wp-content\/uploads\/2016\/09\/warum-brauche-ich-eine-zahnspange-960x666.png"},"blog-single":{"file":"warum-brauche-ich-eine-zahnspange-1000x480.png","width":1000,"height":480,"filesize":0,"mime_type":"image\/png","source_url":"https:\/\/www.zahnzentrumkoeln.de\/wp-content\/uploads\/2016\/09\/warum-brauche-ich-eine-zahnspange-1000x480.png"},"full":{"file":"warum-brauche-ich-eine-zahnspange.png","width":1000,"height":666,"mime_type":"image\/png","source_url":"https:\/\/www.zahnzentrumkoeln.de\/wp-content\/uploads\/2016\/09\/warum-brauche-ich-eine-zahnspange.png"}},"image_meta":{"aperture":"0","credit":"","camera":"","caption":"","created_timestamp":"0","copyright":"","focal_length":"0","iso":"0","shutter_speed":"0","title":"","orientation":"0","keywords":[]},"filesize":711251},"post":null,"source_url":"https:\/\/www.zahnzentrumkoeln.de\/wp-content\/uploads\/2016\/09\/warum-brauche-ich-eine-zahnspange.png","_links":{"self":[{"href":"https:\/\/www.zahnzentrumkoeln.de\/en\/wp-json\/wp\/v2\/media\/1888","targetHints":{"allow":["GET"]}}],"collection":[{"href":"https:\/\/www.zahnzentrumkoeln.de\/en\/wp-json\/wp\/v2\/media"}],"about":[{"href":"https:\/\/www.zahnzentrumkoeln.de\/en\/wp-json\/wp\/v2\/types\/attachment"}],"author":[{"embeddable":true,"href":"https:\/\/www.zahnzentrumkoeln.de\/en\/wp-json\/wp\/v2\/users\/2"}],"replies":[{"embeddable":true,"href":"https:\/\/www.zahnzentrumkoeln.de\/en\/wp-json\/wp\/v2\/comments?post=1888"}]}}

<!-- This site is optimized with the Yoast SEO plugin v27.1.1 - https://yoast.com/product/yoast-seo-wordpress/ -->
<title>warum-brauche-ich-eine-zahnspange - Zahnzentrum Köln</title>
<meta name="robots" content="index, follow, max-snippet:-1, max-image-preview:large, max-video-preview:-1" />
<link rel="canonical" href="https://www.zahnzentrumkoeln.de/en/wp-content/uploads/2016/09/warum-brauche-ich-eine-zahnspange.png" />
<meta property="og:locale" content="en_US" />
<meta property="og:type" content="article" />
<meta property="og:title" content="warum-brauche-ich-eine-zahnspange - Zahnzentrum Köln" />
<meta property="og:description" content="Wir klären die Frage wozu eine Zahnklammer noch dient. Nicht wie viele denken ist die Ästhetik der einzige Grund." />
<meta property="og:url" content="https://www.zahnzentrumkoeln.de/wp-content/uploads/2016/09/warum-brauche-ich-eine-zahnspange.png" />
<meta property="og:site_name" content="Zahnzentrum Köln" />
<meta property="og:image" content="https://www.zahnzentrumkoeln.de/wp-content/uploads/2016/09/warum-brauche-ich-eine-zahnspange.png" />
	<meta property="og:image:width" content="1000" />
	<meta property="og:image:height" content="666" />
	<meta property="og:image:type" content="image/png" />
<meta name="twitter:card" content="summary_large_image" />
<script type="application/ld+json" class="yoast-schema-graph">{"@context":"https://schema.org","@graph":[{"@type":"WebPage","@id":"https://www.zahnzentrumkoeln.de/wp-content/uploads/2016/09/warum-brauche-ich-eine-zahnspange.png","url":"https://www.zahnzentrumkoeln.de/wp-content/uploads/2016/09/warum-brauche-ich-eine-zahnspange.png","name":"warum-brauche-ich-eine-zahnspange - Zahnzentrum Köln","isPartOf":{"@id":"https://www.zahnzentrumkoeln.de/#website"},"datePublished":"2016-09-12T16:49:40+00:00","breadcrumb":{"@id":"https://www.zahnzentrumkoeln.de/wp-content/uploads/2016/09/warum-brauche-ich-eine-zahnspange.png#breadcrumb"},"inLanguage":"en-US","potentialAction":[{"@type":"ReadAction","target":["https://www.zahnzentrumkoeln.de/wp-content/uploads/2016/09/warum-brauche-ich-eine-zahnspange.png"]}]},{"@type":"BreadcrumbList","@id":"https://www.zahnzentrumkoeln.de/wp-content/uploads/2016/09/warum-brauche-ich-eine-zahnspange.png#breadcrumb","itemListElement":[{"@type":"ListItem","position":1,"name":"Startseite","item":"https://www.zahnzentrumkoeln.de/en/"},{"@type":"ListItem","position":2,"name":"warum-brauche-ich-eine-zahnspange"}]},{"@type":"WebSite","@id":"https://www.zahnzentrumkoeln.de/#website","url":"https://www.zahnzentrumkoeln.de/","name":"Zahnzentrum Köln","description":"Dr. Jörg Michel, Dr. Emre Uysal &amp; Kollegen","potentialAction":[{"@type":"SearchAction","target":{"@type":"EntryPoint","urlTemplate":"https://www.zahnzentrumkoeln.de/?s={search_term_string}"},"query-input":{"@type":"PropertyValueSpecification","valueRequired":true,"valueName":"search_term_string"}}],"inLanguage":"en-US"}]}</script>
<!-- / Yoast SEO plugin. -->

warum-brauche-ich-eine-zahnspange - Zahnzentrum Köln

Wir klären die Frage wozu eine Zahnklammer noch dient. Nicht wie viele denken ist die Ästhetik der einzige Grund.

Zahnzentrum Köln

Dr. Jörg Michel, Dr. Emre Uysal &amp; Kollegen

<p class="attachment"><a href='https://www.zahnzentrumkoeln.de/wp-content/uploads/2016/09/warum-brauche-ich-eine-zahnspange.png'><img loading="lazy" decoding="async" width="300" height="200" src="https://www.zahnzentrumkoeln.de/wp-content/uploads/2016/09/warum-brauche-ich-eine-zahnspange-300x200.png" class="attachment-medium size-medium" alt="" srcset="https://www.zahnzentrumkoeln.de/wp-content/uploads/2016/09/warum-brauche-ich-eine-zahnspange-300x200.png 300w, https://www.zahnzentrumkoeln.de/wp-content/uploads/2016/09/warum-brauche-ich-eine-zahnspange-768x511.png 768w, https://www.zahnzentrumkoeln.de/wp-content/uploads/2016/09/warum-brauche-ich-eine-zahnspange-219x146.png 219w, https://www.zahnzentrumkoeln.de/wp-content/uploads/2016/09/warum-brauche-ich-eine-zahnspange-50x33.png 50w, https://www.zahnzentrumkoeln.de/wp-content/uploads/2016/09/warum-brauche-ich-eine-zahnspange-113x75.png 113w, https://www.zahnzentrumkoeln.de/wp-content/uploads/2016/09/warum-brauche-ich-eine-zahnspange.png 1000w" sizes="auto, (max-width:767px) 300px, 300px" /></a></p>
<p>Wir klären die Frage wozu eine Zahnklammer noch dient. Nicht wie  viele denken ist die Ästhetik der einzige Grund. </p>

<p>Wir klären die Frage wozu eine Zahnklammer noch dient. Nicht wie viele denken ist die Ästhetik der einzige Grund.</p>
